{"id":21882,"date":"2023-11-03T10:33:21","date_gmt":"2023-11-03T09:33:21","guid":{"rendered":"https:\/\/pontott.com\/ingatlan\/?post_type=estate&#038;p=21882"},"modified":"2025-09-02T11:23:38","modified_gmt":"2025-09-02T09:23:38","slug":"black-days-2023-11-02-12-15","status":"publish","type":"estate","link":"https:\/\/pontott.com\/ingatlan\/Tulajdonsagok\/black-days-2023-11-02-12-15\/","title":{"rendered":"BLACK DAYS 2023.11.02.-12.15."},"content":{"rendered":"<p>Ne hagyja ki ezt a lehet\u0151s\u00e9get!!  Balaton \u00e9szaki partj\u00e1n Als\u00f3\u00f6rs\u00f6n elad\u00f3, egy 88 m2 hasznos lak\u00f3ter\u00fclettel rendelkez\u0151 \u00f6r\u00f6k panor\u00e1m\u00e1s nyaral\u00f3. Az ingatlan a R\u00f3mai \u00fatr\u00f3l ny\u00edl\u00f3 zs\u00e1kutca v\u00e9g\u00e9n tal\u00e1lhat\u00f3. A 1980-es \u00e9vekben \u00e9p\u00fclt, t\u00e9gla falazat\u00fa h\u00e1romszintes ingatlan 734 m2-es telken helyezkedik el. A nyaral\u00f3 k\u00f6zvetlen k\u00f6rnyezet\u00e9t a nyugodt csal\u00e1dias l\u00e9gk\u00f6r jellemzi. Helyis\u00e9gek: nappali, konyha, f\u00fcrd\u0151szoba, szoba, terasz, erk\u00e9ly, gar\u00e1zs. Az \u00e9p\u00fclet szerkezete kiv\u00e1l\u00f3 \u00e1llapotban. Bels\u0151 terei megk\u00edm\u00e9lt, lakhat\u00f3 \u00e1llapotban, moderniz\u00e1l\u00e1sa ig\u00e9ny eset\u00e9n esed\u00e9kes lehet. A nagy teraszr\u00f3l \/33 nm\/, erk\u00e9lyr\u0151l csod\u00e1latos balatoni panor\u00e1ma t\u00e1rul el\u00e9nk. Az ingatlanban vezet\u00e9kes v\u00edz van, villany van, a szennyv\u00edzelvezet\u00e9s em\u00e9szt\u0151vel megoldott. Rendezett kertben f\u00fart k\u00fat biztos\u00edtja az \u00f6nt\u00f6z\u00e9st. RENDEZETT TULAJDONVISZONY\u00da, TEHERMENTES, AZONNAL K\u00d6LT\u00d6ZHET\u0150. Kiv\u00e1l\u00f3 elhelyezked\u00e9s\u00e9nek k\u00f6sz\u00f6nhet\u0151en a Balaton part, k\u00f6zpontban \u00fczletek, vas\u00fat\u00e1llom\u00e1s n\u00e9h\u00e1ny perc alatt k\u00f6nnyed\u00e9n el\u00e9rhet\u0151ek. Fix \u00e1r: 80 milli\u00f3 forint . Dunakanyari nyaral\u00f3 csere, \u00e9rt\u00e9kegyeztet\u00e9ssel sz\u00f3ba j\u00f6het. Megtekinthet\u0151 telefonon egyeztetett id\u0151pontban ak\u00e1r h\u00e9tv\u00e9g\u00e9n is. 06705878161<\/p>\n","protected":false},"excerpt":{"rendered":"<p>Ne hagyja ki ezt a lehet\u0151s\u00e9get!! Balaton \u00e9szaki partj\u00e1n Als\u00f3\u00f6rs\u00f6n elad\u00f3, egy 88 m2 hasznos lak\u00f3ter\u00fclettel rendelkez\u0151 \u00f6r\u00f6k panor\u00e1m\u00e1s nyaral\u00f3. Az ingatlan a R\u00f3mai \u00fatr\u00f3l ny\u00edl\u00f3 zs\u00e1kutca v\u00e9g\u00e9n tal\u00e1lhat\u00f3. A 1980-es \u00e9vekben \u00e9p\u00fclt, t\u00e9gla falazat\u00fa h\u00e1romszintes ingatlan 734 m2-es telken helyezkedik el. A nyaral\u00f3 k\u00f6zvetlen k\u00f6rnyezet\u00e9t a nyugodt csal\u00e1dias l\u00e9gk\u00f6r jellemzi. Helyis\u00e9gek: nappali, konyha, f\u00fcrd\u0151szoba, [&hellip;]<\/p>\n","protected":false},"author":1,"featured_media":21870,"comment_status":"closed","ping_status":"closed","template":"","offer-type":[132],"property-type":[177],"varmegye":[],"varos":[224],"zip-code":[223],"kerulet":[],"utca":[225],"eladojellem":[],"kiado-jellemzok":[],"class_list":["post-21882","estate","type-estate","status-publish","has-post-thumbnail","hentry","offer-type-eladva","property-type-nyaralo","varos-alsoors","zip-code-223","utca-romai"],"acf":[],"_links":{"self":[{"href":"https:\/\/pontott.com\/ingatlan\/wp-json\/wp\/v2\/estate\/21882","targetHints":{"allow":["GET"]}}],"collection":[{"href":"https:\/\/pontott.com\/ingatlan\/wp-json\/wp\/v2\/estate"}],"about":[{"href":"https:\/\/pontott.com\/ingatlan\/wp-json\/wp\/v2\/types\/estate"}],"author":[{"embeddable":true,"href":"https:\/\/pontott.com\/ingatlan\/wp-json\/wp\/v2\/users\/1"}],"replies":[{"embeddable":true,"href":"https:\/\/pontott.com\/ingatlan\/wp-json\/wp\/v2\/comments?post=21882"}],"wp:featuredmedia":[{"embeddable":true,"href":"https:\/\/pontott.com\/ingatlan\/wp-json\/wp\/v2\/media\/21870"}],"wp:attachment":[{"href":"https:\/\/pontott.com\/ingatlan\/wp-json\/wp\/v2\/media?parent=21882"}],"wp:term":[{"taxonomy":"offer-type","embeddable":true,"href":"https:\/\/pontott.com\/ingatlan\/wp-json\/wp\/v2\/offer-type?post=21882"},{"taxonomy":"property-type","embeddable":true,"href":"https:\/\/pontott.com\/ingatlan\/wp-json\/wp\/v2\/property-type?post=21882"},{"taxonomy":"varmegye","embeddable":true,"href":"https:\/\/pontott.com\/ingatlan\/wp-json\/wp\/v2\/varmegye?post=21882"},{"taxonomy":"varos","embeddable":true,"href":"https:\/\/pontott.com\/ingatlan\/wp-json\/wp\/v2\/varos?post=21882"},{"taxonomy":"zip-code","embeddable":true,"href":"https:\/\/pontott.com\/ingatlan\/wp-json\/wp\/v2\/zip-code?post=21882"},{"taxonomy":"kerulet","embeddable":true,"href":"https:\/\/pontott.com\/ingatlan\/wp-json\/wp\/v2\/kerulet?post=21882"},{"taxonomy":"utca","embeddable":true,"href":"https:\/\/pontott.com\/ingatlan\/wp-json\/wp\/v2\/utca?post=21882"},{"taxonomy":"eladojellem","embeddable":true,"href":"https:\/\/pontott.com\/ingatlan\/wp-json\/wp\/v2\/eladojellem?post=21882"},{"taxonomy":"kiado-jellemzok","embeddable":true,"href":"https:\/\/pontott.com\/ingatlan\/wp-json\/wp\/v2\/kiado-jellemzok?post=21882"}],"curies":[{"name":"wp","href":"https:\/\/api.w.org\/{rel}","templated":true}]}}

<p>Ne hagyja ki ezt a lehetőséget!!  Balaton északi partján Alsóörsön eladó, egy 88 m2 hasznos lakóterülettel rendelkező örök panorámás nyaraló. Az ingatlan a Római útról nyíló zsákutca végén található. A 1980-es években épült, tégla falazatú háromszintes ingatlan 734 m2-es telken helyezkedik el. A nyaraló közvetlen környezetét a nyugodt családias légkör jellemzi. Helyiségek: nappali, konyha, fürdőszoba, szoba, terasz, erkély, garázs. Az épület szerkezete kiváló állapotban. Belső terei megkímélt, lakható állapotban, modernizálása igény esetén esedékes lehet. A nagy teraszról /33 nm/, erkélyről csodálatos balatoni panoráma tárul elénk. Az ingatlanban vezetékes víz van, villany van, a szennyvízelvezetés emésztővel megoldott. Rendezett kertben fúrt kút biztosítja az öntözést. RENDEZETT TULAJDONVISZONYÚ, TEHERMENTES, AZONNAL KÖLTÖZHETŐ. Kiváló elhelyezkedésének köszönhetően a Balaton part, központban üzletek, vasútállomás néhány perc alatt könnyedén elérhetőek. Fix ár: 80 millió forint . Dunakanyari nyaraló csere, értékegyeztetéssel szóba jöhet. Megtekinthető telefonon egyeztetett időpontban akár hétvégén is. 06705878161</p>

<p>Ne hagyja ki ezt a lehetőséget!! Balaton északi partján Alsóörsön eladó, egy 88 m2 hasznos lakóterülettel rendelkező örök panorámás nyaraló. Az ingatlan a Római útról nyíló zsákutca végén található. A 1980-es években épült, tégla falazatú háromszintes ingatlan 734 m2-es telken helyezkedik el. A nyaraló közvetlen környezetét a nyugodt családias légkör jellemzi. Helyiségek: nappali, konyha, fürdőszoba, [&hellip;]</p>
